{"id":73,"date":"2024-03-07T15:04:06","date_gmt":"2024-03-07T14:04:06","guid":{"rendered":"http:\/\/localhost:88\/?page_id=73"},"modified":"2025-08-07T14:31:17","modified_gmt":"2025-08-07T12:31:17","slug":"willkommen-bei-ohl","status":"publish","type":"page","link":"https:\/\/ohl.de\/?page_id=73","title":{"rendered":"Willkommen bei Ohl"},"content":{"rendered":"\n<p>Gegr\u00fcndet durch Otto Ohl im Jahre 1946, ist die Ohl Logistik-Gruppe Spezialist f\u00fcr Medienlogistik und bietet entlang der gesamten Supply Chain optimale L\u00f6sungen aus einer Hand an.<\/p>\n\n\n\n<p>Mehr als 500 Mitarbeiterinnen und Mitarbeiter sind an 13 Standorten in Deutschland f\u00fcr Sie t\u00e4tig. Ob Transport, Lagerung oder Konfektionierung: Sie profitieren von unserer Zuverl\u00e4ssigkeit und jahrzehntelangen Erfahrung, dem Potenzial unserer Unternehmensgruppe, ma\u00dfgeschneiderten Logistikl\u00f6sungen und unseren fl\u00e4chendeckenden Distributions-Netzwerken.<\/p>\n\n\n\n<p>Unsere Unternehmensgruppe:<\/p>\n\n\n\n<ul class=\"wp-block-list\">\n<li>Ohl Logistik GmbH &amp; Co. KG<\/li>\n\n\n\n<li>Ohl Connect GmbH &amp; Co. KG<\/li>\n\n\n\n<li>Ohl Medien Logistik GmbH &amp; Co. KG<\/li>\n\n\n\n<li>Ohl Press Service GmbH<\/li>\n\n\n\n<li>elbCommerce GmbH<\/li>\n<\/ul>\n","protected":false},"excerpt":{"rendered":"<p>Gegr\u00fcndet durch Otto Ohl im Jahre 1946, ist die Ohl Logistik-Gruppe Spezialist f\u00fcr Medienlogistik und bietet entlang der gesamten Supply Chain optimale L\u00f6sungen aus einer Hand an. Mehr als 500 Mitarbeiterinnen und Mitarbeiter sind an 13 Standorten in Deutschland f\u00fcr Sie t\u00e4tig. Ob Transport, Lagerung oder Konfektionierung: Sie profitieren von unserer Zuverl\u00e4ssigkeit und jahrzehntelangen Erfahrung, [&hellip;]<\/p>\n","protected":false},"author":1,"featured_media":0,"parent":0,"menu_order":0,"comment_status":"closed","ping_status":"closed","template":"","meta":{"footnotes":""},"class_list":["post-73","page","type-page","status-publish","hentry"],"_links":{"self":[{"href":"https:\/\/ohl.de\/index.php?rest_route=\/wp\/v2\/pages\/73","targetHints":{"allow":["GET"]}}],"collection":[{"href":"https:\/\/ohl.de\/index.php?rest_route=\/wp\/v2\/pages"}],"about":[{"href":"https:\/\/ohl.de\/index.php?rest_route=\/wp\/v2\/types\/page"}],"author":[{"embeddable":true,"href":"https:\/\/ohl.de\/index.php?rest_route=\/wp\/v2\/users\/1"}],"replies":[{"embeddable":true,"href":"https:\/\/ohl.de\/index.php?rest_route=%2Fwp%2Fv2%2Fcomments&post=73"}],"version-history":[{"count":7,"href":"https:\/\/ohl.de\/index.php?rest_route=\/wp\/v2\/pages\/73\/revisions"}],"predecessor-version":[{"id":348,"href":"https:\/\/ohl.de\/index.php?rest_route=\/wp\/v2\/pages\/73\/revisions\/348"}],"wp:attachment":[{"href":"https:\/\/ohl.de\/index.php?rest_route=%2Fwp%2Fv2%2Fmedia&parent=73"}],"curies":[{"name":"wp","href":"https:\/\/api.w.org\/{rel}","templated":true}]}}