{"id":284,"date":"2024-03-08T16:42:28","date_gmt":"2024-03-08T15:42:28","guid":{"rendered":"http:\/\/127.0.0.1:88\/?page_id=284"},"modified":"2024-03-11T15:27:41","modified_gmt":"2024-03-11T14:27:41","slug":"gruppe","status":"publish","type":"page","link":"https:\/\/ohl.de\/?page_id=284","title":{"rendered":"Gruppe"},"content":{"rendered":"\n<figure class=\"wp-block-image size-full\"><img loading=\"lazy\" decoding=\"async\" width=\"952\" height=\"330\" src=\"https:\/\/ohl.de\/wp-content\/uploads\/2024\/03\/Ohl-Flaggen.jpg\" alt=\"\" class=\"wp-image-292\" srcset=\"https:\/\/ohl.de\/wp-content\/uploads\/2024\/03\/Ohl-Flaggen.jpg 952w, https:\/\/ohl.de\/wp-content\/uploads\/2024\/03\/Ohl-Flaggen-300x104.jpg 300w, https:\/\/ohl.de\/wp-content\/uploads\/2024\/03\/Ohl-Flaggen-768x266.jpg 768w\" sizes=\"auto, (max-width: 952px) 100vw, 952px\" \/><\/figure>\n\n\n\n<div class=\"wp-block-group has-global-padding is-layout-constrained wp-block-group-is-layout-constrained\">\n<div class=\"wp-block-columns is-layout-flex wp-container-core-columns-is-layout-28f84493 wp-block-columns-is-layout-flex\">\n<div class=\"wp-block-column is-layout-flow wp-block-column-is-layout-flow\">\n<p class=\"has-small-font-size\">Gegr\u00fcndet durch Otto Ohl im Jahre 1948, ist die Ohl Logistik-Gruppe Spezialist f\u00fcr Medienlogistik und bietet entlang der gesamten Supply Chain optimale L\u00f6sungen aus einer Hand an.<br><br><br>Mehr als 500 Mitarbeiterinnen\u00a0und Mitarbeiter sind an 13 Standorten in<\/p>\n<\/div>\n\n\n\n<div class=\"wp-block-column is-layout-flow wp-block-column-is-layout-flow\">\n<p class=\"has-small-font-size\">Deutschland f\u00fcr Sie t\u00e4tig.&nbsp; Ob Transport, Lagerung oder Konfektionierung: Sie profitieren von unserer Zuverl\u00e4ssigkeit und jahrzehntelangen Erfahrung, dem Potenzial unserer Unternehmensgruppe, ma\u00dfgeschneiderten Logistikl\u00f6sungen und unseren fl\u00e4chendeckenden Distributions-Netzwerken.<\/p>\n<\/div>\n<\/div>\n<\/div>\n","protected":false},"excerpt":{"rendered":"<p>Gegr\u00fcndet durch Otto Ohl im Jahre 1948, ist die Ohl Logistik-Gruppe Spezialist f\u00fcr Medienlogistik und bietet entlang der gesamten Supply Chain optimale L\u00f6sungen aus einer Hand an. Mehr als 500 Mitarbeiterinnen\u00a0und Mitarbeiter sind an 13 Standorten in Deutschland f\u00fcr Sie t\u00e4tig.&nbsp; Ob Transport, Lagerung oder Konfektionierung: Sie profitieren von unserer Zuverl\u00e4ssigkeit und jahrzehntelangen Erfahrung, dem [&hellip;]<\/p>\n","protected":false},"author":1,"featured_media":0,"parent":0,"menu_order":0,"comment_status":"closed","ping_status":"closed","template":"","meta":{"footnotes":""},"class_list":["post-284","page","type-page","status-publish","hentry"],"_links":{"self":[{"href":"https:\/\/ohl.de\/index.php?rest_route=\/wp\/v2\/pages\/284","targetHints":{"allow":["GET"]}}],"collection":[{"href":"https:\/\/ohl.de\/index.php?rest_route=\/wp\/v2\/pages"}],"about":[{"href":"https:\/\/ohl.de\/index.php?rest_route=\/wp\/v2\/types\/page"}],"author":[{"embeddable":true,"href":"https:\/\/ohl.de\/index.php?rest_route=\/wp\/v2\/users\/1"}],"replies":[{"embeddable":true,"href":"https:\/\/ohl.de\/index.php?rest_route=%2Fwp%2Fv2%2Fcomments&post=284"}],"version-history":[{"count":5,"href":"https:\/\/ohl.de\/index.php?rest_route=\/wp\/v2\/pages\/284\/revisions"}],"predecessor-version":[{"id":309,"href":"https:\/\/ohl.de\/index.php?rest_route=\/wp\/v2\/pages\/284\/revisions\/309"}],"wp:attachment":[{"href":"https:\/\/ohl.de\/index.php?rest_route=%2Fwp%2Fv2%2Fmedia&parent=284"}],"curies":[{"name":"wp","href":"https:\/\/api.w.org\/{rel}","templated":true}]}}

<figure class="wp-block-image size-full"><img loading="lazy" decoding="async" width="952" height="330" src="https://ohl.de/wp-content/uploads/2024/03/Ohl-Flaggen.jpg" alt="" class="wp-image-292" srcset="https://ohl.de/wp-content/uploads/2024/03/Ohl-Flaggen.jpg 952w, https://ohl.de/wp-content/uploads/2024/03/Ohl-Flaggen-300x104.jpg 300w, https://ohl.de/wp-content/uploads/2024/03/Ohl-Flaggen-768x266.jpg 768w" sizes="auto, (max-width: 952px) 100vw, 952px" /></figure>



<div class="wp-block-group has-global-padding is-layout-constrained wp-block-group-is-layout-constrained">
<div class="wp-block-columns is-layout-flex wp-container-core-columns-is-layout-28f84493 wp-block-columns-is-layout-flex">
<div class="wp-block-column is-layout-flow wp-block-column-is-layout-flow">
<p class="has-small-font-size">Gegründet durch Otto Ohl im Jahre 1948, ist die Ohl Logistik-Gruppe Spezialist für Medienlogistik und bietet entlang der gesamten Supply Chain optimale Lösungen aus einer Hand an.<br><br><br>Mehr als 500 Mitarbeiterinnen und Mitarbeiter sind an 13 Standorten in</p>
</div>



<div class="wp-block-column is-layout-flow wp-block-column-is-layout-flow">
<p class="has-small-font-size">Deutschland für Sie tätig.&nbsp; Ob Transport, Lagerung oder Konfektionierung: Sie profitieren von unserer Zuverlässigkeit und jahrzehntelangen Erfahrung, dem Potenzial unserer Unternehmensgruppe, maßgeschneiderten Logistiklösungen und unseren flächendeckenden Distributions-Netzwerken.</p>
</div>
</div>
</div>

<p>Gegründet durch Otto Ohl im Jahre 1948, ist die Ohl Logistik-Gruppe Spezialist für Medienlogistik und bietet entlang der gesamten Supply Chain optimale Lösungen aus einer Hand an. Mehr als 500 Mitarbeiterinnen und Mitarbeiter sind an 13 Standorten in Deutschland für Sie tätig.&nbsp; Ob Transport, Lagerung oder Konfektionierung: Sie profitieren von unserer Zuverlässigkeit und jahrzehntelangen Erfahrung, dem [&hellip;]</p>
