{"id":145,"date":"2024-03-07T17:06:24","date_gmt":"2024-03-07T16:06:24","guid":{"rendered":"http:\/\/localhost:88\/?page_id=145"},"modified":"2024-03-07T17:53:06","modified_gmt":"2024-03-07T16:53:06","slug":"aircargo","status":"publish","type":"page","link":"https:\/\/ohl.de\/?page_id=145","title":{"rendered":"Aircargo"},"content":{"rendered":"\n<p><strong>Luftfrachttransport weltweit<\/strong><\/p>\n\n\n\n<p>Unser Bereich Aircargo sorgt f\u00fcr die schnelle und reibungslose Belieferung Ihrer Handelspartner weltweit.&nbsp; Als Zertifizierter IATA\u2013Agent und Lufthansa Business Partner verf\u00fcgen wir \u00fcber die Anbindung an alle Zollverfahren (ATLAS Anbindung Export &#8211; Import und NCTS) sowie \u00fcber ein Partnernetzwerk an den wichtigsten Handelspl\u00e4tzen der Welt.<\/p>\n\n\n\n<figure class=\"wp-block-image size-full boxShadow\"><img loading=\"lazy\" decoding=\"async\" width=\"625\" height=\"417\" src=\"https:\/\/ohl.de\/wp-content\/uploads\/2024\/03\/AirCargo.jpg\" alt=\"\" class=\"wp-image-148\" srcset=\"https:\/\/ohl.de\/wp-content\/uploads\/2024\/03\/AirCargo.jpg 625w, https:\/\/ohl.de\/wp-content\/uploads\/2024\/03\/AirCargo-300x200.jpg 300w\" sizes=\"auto, (max-width: 625px) 100vw, 625px\" \/><\/figure>\n\n\n\n<p><strong>Unser Angebot<\/strong><\/p>\n\n\n\n<ul class=\"wp-block-list\">\n<li>Luftfracht Import und Export<\/li>\n\n\n\n<li>Consolidation<\/li>\n\n\n\n<li>Voll-\/Teilcharter<\/li>\n<\/ul>\n","protected":false},"excerpt":{"rendered":"<p>Luftfrachttransport weltweit Unser Bereich Aircargo sorgt f\u00fcr die schnelle und reibungslose Belieferung Ihrer Handelspartner weltweit.&nbsp; Als Zertifizierter IATA\u2013Agent und Lufthansa Business Partner verf\u00fcgen wir \u00fcber die Anbindung an alle Zollverfahren (ATLAS Anbindung Export &#8211; Import und NCTS) sowie \u00fcber ein Partnernetzwerk an den wichtigsten Handelspl\u00e4tzen der Welt. Unser Angebot<\/p>\n","protected":false},"author":1,"featured_media":0,"parent":0,"menu_order":0,"comment_status":"closed","ping_status":"closed","template":"","meta":{"footnotes":""},"class_list":["post-145","page","type-page","status-publish","hentry"],"_links":{"self":[{"href":"https:\/\/ohl.de\/index.php?rest_route=\/wp\/v2\/pages\/145","targetHints":{"allow":["GET"]}}],"collection":[{"href":"https:\/\/ohl.de\/index.php?rest_route=\/wp\/v2\/pages"}],"about":[{"href":"https:\/\/ohl.de\/index.php?rest_route=\/wp\/v2\/types\/page"}],"author":[{"embeddable":true,"href":"https:\/\/ohl.de\/index.php?rest_route=\/wp\/v2\/users\/1"}],"replies":[{"embeddable":true,"href":"https:\/\/ohl.de\/index.php?rest_route=%2Fwp%2Fv2%2Fcomments&post=145"}],"version-history":[{"count":3,"href":"https:\/\/ohl.de\/index.php?rest_route=\/wp\/v2\/pages\/145\/revisions"}],"predecessor-version":[{"id":189,"href":"https:\/\/ohl.de\/index.php?rest_route=\/wp\/v2\/pages\/145\/revisions\/189"}],"wp:attachment":[{"href":"https:\/\/ohl.de\/index.php?rest_route=%2Fwp%2Fv2%2Fmedia&parent=145"}],"curies":[{"name":"wp","href":"https:\/\/api.w.org\/{rel}","templated":true}]}}